= 404 + -403. What is the remainder when 143 is divided by ((-15)/(-15))/(t/10)?
3
Suppose -11*u - 6*u = -68. What is the remainder when (u/1 + -35)*(-14)/7 is divided by 22?
18
Let x = 66 + -31. Suppose 11*n = 8*n + 87. Suppose -5*i + n = -86. Calculate the remainder when x is divided by i.
12
Suppose 0 = 4*t + 88 - 4. What is the remainder when (-87)/(-21) - 4 - 816/t is divided by 30?
9
Suppose -w + 1156 = -5*n, 9 = -2*n + 21. Calculate the remainder when w is divided by 36.
34
Suppose -2*n + 279*w = 280*w - 124, 2*n - 5*w = 124. What is the remainder when (277 + -1)*4/6 is divided by n?
60
Let c(p) = -6*p + 85*p**2 + 3 - 52*p**2 - 7 - 6. Calculate the remainder when c(-5) is divided by 53.
50
Suppose 8509 + 6660 - 2397 = 206*f. What is the remainder when f is divided by (-130)/(-4) - 5/10?
30
Let i = 15223 + -15179. Calculate the remainder when 15971 is divided by i.
43
Let q be (-1)/(-3) - 20/(-3). Let c(x) = 16*x + 56. Let s(o) = 7*o + 27. Let p(n) = -4*c(n) + 9*s(n). What is the remainder when 35 is divided by p(q)?
11
Let t be (10 + -3)*(28/49 + 2). Suppose 6*m = t*m - 348. What is the remainder when m is divided by 6?
5
Suppose -3*i = 3*v - 6, -2*i - 12 = 4*v - 6*v. Suppose v*t + 8 = -0*y + 2*y, -t = -y + 2. Calculate the remainder when 75 is divided by (-75)/(-5) - 8/t.
18
Suppose 0 = 2*w + 2*j - 3*j - 7, j - 3 = 0. Let q(y) = 3*y**2 - 10*y + 18. Let p(n) = 3*n**2 - 61*n - 27. What is the remainder when p(22) is divided by q(w)?
40
Let m be 7/((-14)/(-18)) + 42. Calculate the remainder when 295 is divided by -9*(64/(-6) + m/(-153)).
97
Let m = -42806 - -43001. Calculate the remainder when 599 is divided by m.
14
Let b(k) = -5*k**2 - 1303*k - 5880. Let x(f) = 3*f**3 - 5*f**2 - f. Calculate the remainder when x(4) is divided by b(-256).
4
Let f(x) = -434*x + 134*x + 10 - 170*x. Calculate the remainder when f(-2) is divided by 68.
66
Suppose -5*i + 71*d + 23 = 69*d, 4*i = 4*d + 16. Let m = 85 + -53. Calculate the remainder when m is divided by i.
2
Let k(o) = -12*o - 28. What is the remainder when 496 is divided by k(-24)?
236
Suppose -186882 - 137078 = -712*c. Calculate the remainder when 1759 is divided by c.
394
Let b be 9/6*(-72)/(-54). What is the remainder when ((-60)/(-25) - b) + (-248)/(-5) is divided by 30?
20
Suppose 4*o - 307 = 193. Let s = -39 + o. Calculate the remainder when s is divided by 31.
24
Suppose 5*c - 1335 = -5*t, -3*c + 5*c + t - 530 = 0. Calculate the remainder when c is divided by 19.
16
Let i(q) = q + 75. Let b be i(-15). What is the remainder when (-2)/(-15) + 4492/b is divided by 7?
5
Let z(g) = -5*g**2 + 76*g - 42. Let r be z(14). Suppose 14*j = 35*j - r. Calculate the remainder when 14 is divided by j.
0
Suppose 39 = -32*u + 35*u. Let r = 3 + -1. Suppose -10 = -2*v - r*t + t, 0 = t. What is the remainder when u is divided by v?
3
Suppose 61*k - 2307 = 4*k + 1569. What is the remainder when 415 is divided by k?
7
Let j = -4271 + 4429. What is the remainder when j is divided by 73?
12
Let i(z) = -3*z**3 + 3*z + 2. Let f = 30 - 33. Calculate the remainder when i(f) is divided by 13.
9
Let t(l) = -l**2 - 318*l - 1538. Suppose -b + 264 = 2*r, r + r = -2*b + 260. What is the remainder when r is divided by t(-5)?
26
Let n(r) = 15*r**2 - 115*r - 111*r + 0*r**3 + 2*r**2 + 50 + 209*r - r**3. What is the remainder when n(8) is divided by 26?
22
Let p = -299 - -601. Let u = p + -263. What is the remainder when 231 is divided by u?
36
What is the remainder when (-357)/(-476) - (-1145)/4 is divided by 89?
20
Suppose -6*w + 605 = -a - 391, a - 498 = -3*w. Calculate the remainder when w is divided by 18.
4
Let d(u) = -4*u - 16. Let z(s) = -90*s - 1597. Calculate the remainder when z(-28) is divided by d(-11).
27
Let m = 14 - 9. Let d = 15 + -9. Suppose -8 = -d*x + 196. What is the remainder when x is divided by m?
4
Suppose 25*j + 10*j = 6265. Let a = 7 + 2. Calculate the remainder when j is divided by a.
8
Let s be (2433/15)/1 - 36/(-45). Suppose -s + 1 = -18*p. Calculate the remainder when 242 is divided by p.
8
Suppose -3*p + 6 + 3 = 0. Let j = 179 - 169. What is the remainder when j is divided by p?
1
Let k(g) = -g**2 + 85*g - 454. What is the remainder when 33 is divided by k(6)?
13
Suppose 6 = -2*v, -4*u - 5*v = -8*v - 185. Calculate the remainder when 154 is divided by u.
22
Let a = 26 + 9. Let g = -3207 - -3201. Let q = a + g. What is the remainder when q is divided by 10?
9
Let c(y) = -y**2 + 8*y + 9. Suppose -2*f - a + 158 = -2*a, -2*f - 3*a + 150 = 0. Calculate the remainder when f is divided by c(8).
6
Suppose 1273 + 249 = 3*v + 4*b, -4*v + 2032 = 5*b. Calculate the remainder when 3638 is divided by v.
12
Let c(s) = 2*s + 41. Let k be c(-19). Let d(g) = 51*g - 24. What is the remainder when d(k) is divided by 5?
4
Suppose 1067*a - 34183 = 13863 + 68257. Calculate the remainder when a is divided by ((-56)/5)/((-2)/10).
53
Suppose 7*r = 2*r - 2*q + 106, 26 = r - 2*q. Suppose -r*i = -20*i - 72. What is the remainder when 71 is divided by i?
35
Let w(o) = o**2 + 9*o + 12. Let n be w(-9). Suppose -51*k = 14*k - 5070. What is the remainder when k is divided by n/9*(-48)/(-4)?
14
Suppose -167 = 78*s - 1493. What is the remainder when 83 is divided by s?
15
Let z(w) = -w**3 + 8*w**2 + w - 13. Let s be z(8). Let h(a) = 2*a**2 + 11*a + 1. Let d be h(s). Calculate the remainder when (d - -2 - -56)/2 is divided by 8.
3
Suppose -3*z + 77*i = 75*i - 44, z - 12 = -2*i. What is the remainder when 94 is divided by z?
10
Let y(p) = -14 + 19 - 5*p - 73 + p**2 - 5*p. Calculate the remainder when 41 is divided by y(16).
13
Calculate the remainder when (99/66)/((-3930)/5248 - 18/(-24)) is divided by 20.
12
Let v(a) = 2*a**2 - 17*a + 7. Let f be v(9). Suppose 13*d + 9 = f*d. Let x = -6 - -9. What is the remainder when d is divided by x?
0
Suppose 32764 = 83*t + 14567 - 15667. Calculate the remainder when t is divided by 32.
24
Suppose -2*r - 7 = -1. Let y(z) = -2*z**3 + 4*z**2 - 5*z - 4. What is the remainder when y(r) is divided by 21?
17
Let g(p) = 7*p**3 + p**2 + 3*p - 5. Let m be g(3). Let n = -174 + m. Let q(v) = v**3 + 8*v**2 - 7*v - 3. Calculate the remainder when q(-6) is divided by n.
27
Suppose 4*b - 16 = 36. Let a = b + -9. Suppose -4*d + 0 + 16 = -q, -5*d + 29 = q. What is the remainder when q is divided by a?
0
Suppose 40*t + 20 = 50*t. Suppose t*u - 1 = -7*k + 6*k, -u - 16 = -k. Calculate the remainder when 602 is divided by k.
8
Suppose -572*m + 551*m + 3270 = -5718. Calculate the remainder when 1304 is divided by m.
20
Let l(g) = -3 - 61*g - 26 - 13 - 1. What is the remainder when l(-3) is divided by 74?
66
Let w = -12150 - -12559. What is the remainder when w is divided by 129?
22
Let c be 8/2 - 38/(-9 - -8). Suppose -31 = -3*s - 4*n, -4*n + c = 4*s + n. What is the remainder when 62 is divided by s?
10
Suppose 0*s - 15 = -5*s + 5*z, -10 = -2*s + 4*z. Let f = 91 + s. What is the remainder when f is divided by 50?
42
Suppose -57*d = 7*d - 48320. What is the remainder when d is divided by 152?
147
Suppose 5*p = -2*p + 28. Suppose 115 = 5*g + 4*m, -p*m - 91 = -5*g + 24. What is the remainder when g is divided by 6?
5
Let w(b) = -b**3 - 5*b**2 + 5*b + 7. Let p(h) = -3 + 9*h + h - 8*h**2 + 2*h**3 - h**3 - 2*h. Calculate the remainder when w(-6) is divided by p(7).
1
Suppose 0 = -21*h + 2*h + 76. Suppose -5*g + 2*g + 281 = h*t, 3*t - 189 = -2*g. What is the remainder when g is divided by 24?
15
Let t = 6969 - 6910. What is the remainder when 509 is divided by t?
37
Let h(w) = 102*w + 220. Calculate the remainder when 267 is divided by h(-2).
11
Let n(k) = k**3 - 4*k**2 - 14*k + 13. Let f be n(5). Let d = 5 - f. Calculate the remainder when d is divided by 11.
4
Suppose -125*m = -124*m - 4. Suppose -46 = -c - 2*q, -c = -m*c - 5*q + 138. What is the remainder when c is divided by 16?
14
Let g(k) = -15 + 0*k**2 - k**2 + 11*k + 3. Let a be (-4 - 22/(-2)) + 0. What is the remainder when 159 is divided by g(a)?
15
Let j(b) = -4*b**2 + 2*b - 1. Let u be j(1). Let w(t) = -t**3 - t - 9. Let g be w(u). Calculate the remainder when 69 is divided by (g/28)/(1/16).
9
Let w(n) = 307*n + 2725. Calculate the remainder when w(-8) is divided by 236.
33
Let i = 833 + -779. Suppose -4*d = -g + 165, -2*d + 1 - 3 = 0. Calculate the remai